{"id":316,"date":"2020-02-16T12:55:41","date_gmt":"2020-02-16T17:55:41","guid":{"rendered":"https:\/\/regalosecologicosperu.com\/?post_type=product&#038;p=316"},"modified":"2023-05-29T10:42:11","modified_gmt":"2023-05-29T15:42:11","slug":"lapiz-semilla-plantable-regalos-ecologicos-peru","status":"publish","type":"product","link":"https:\/\/regalosecologicosperu.com\/index.php\/producto\/lapiz-semilla-plantable-regalos-ecologicos-peru\/","title":{"rendered":"L\u00e1piz Ecol\u00f3gico Terranova"},"content":{"rendered":"<p>Nuestros l\u00e1pices ecologicos terranova de Regalos Ecol\u00f3gicos Per\u00fa son un producto premium hechos de madera natural, Por su naturaleza y los materiales con los que est\u00e1n fabricados son 100% compostables, biodegradables y ecol\u00f3gicos.<\/p>\n<p>Adem\u00e1s pueden contener semillas de hortalizas, plantas y flores. Cuando esta demasiado corto puedes colocarlo en una maceta o en tu jard\u00edn. Los l\u00e1pices ecol\u00f3gicos podemos personalizarlos con logo o\u00a0 alg\u00fan mensaje.<\/p>\n<p>Estos l\u00e1pices ecol\u00f3gicos son fabricados en nuestro pa\u00eds, pueden contener variedad de semillas de diversas plantas, son f\u00e1ciles de germinar y son el regalo perfecto para los amantes de las plantas y la naturaleza.<\/p>\n","protected":false},"excerpt":{"rendered":"<p>L\u00c1PIZ SEMILLA PLANTABLE PERU<\/p>\n<ul>\n<li>L\u00e1piz promocional de madera natural con Sembrable,\u00a0 con semillas de hortalizas o hierbas arom\u00e1ticas. Mina del n\u00famero 2 grafito negro<\/li>\n<li>Producto Importado Exclusivo y Premium 100% Natural, Compostable, Biodegradable y Ecofriendly de Regalos Ecol\u00f3gicos Peru. Pedido m\u00ednimo 100 unidades.<\/li>\n<\/ul>\n","protected":false},"featured_media":1104,"template":"","meta":{"_et_pb_use_builder":"off","_et_pb_old_content":"","_et_gb_content_width":"","_joinchat":[]},"product_brand":[],"product_cat":[22,35],"product_tag":[151,149,147,152,146,148,150,352,353,354,335,350,351,355,154,105,103,102,87,88,83,108,91,86,82,111,107,90,84,110,89,106,104,85,145,109,132,144,143,142,45,155,153],"class_list":{"0":"post-316","1":"product","2":"type-product","3":"status-publish","4":"has-post-thumbnail","6":"product_cat-kit-de-siembra-corporativo","7":"product_cat-lapiz-semilla","8":"product_tag-arenat","9":"product_tag-dayaperu","10":"product_tag-detalazo-peru","11":"product_tag-dulce-compania-peru","12":"product_tag-ecologics-peru","13":"product_tag-ecomillennials-peru","14":"product_tag-hennacorp-peru","15":"product_tag-lapiz-plantable","16":"product_tag-lapiz-plantable-peru","17":"product_tag-lapiz-plantable-publicitario","18":"product_tag-lapiz-semilla","19":"product_tag-lapiz-semilla-lima","20":"product_tag-lapiz-semilla-peru","21":"product_tag-lapiz-semilla-publicitario","22":"product_tag-regalos-con-proposito-peru","23":"product_tag-regalos-corporativos-anti-stress-peru","24":"product_tag-regalos-corporativos-clientes-peru","25":"product_tag-regalos-corporativos-cumpleanos-peru","26":"product_tag-regalos-corporativos-dia-de-la-amistad-peru","27":"product_tag-regalos-corporativos-dia-de-la-cancion-criolla-peru","28":"product_tag-regalos-corporativos-dia-de-la-madre-peru","29":"product_tag-regalos-corporativos-dia-de-la-maestra-peru","30":"product_tag-regalos-corporativos-dia-de-la-mujer","31":"product_tag-regalos-corporativos-dia-de-la-secretaria-peru","32":"product_tag-regalos-corporativos-dia-de-san-valentin-peru","33":"product_tag-regalos-corporativos-dia-del-empleado-peru","34":"product_tag-regalos-corporativos-dia-del-maestro-peru","35":"product_tag-regalos-corporativos-dia-del-nino","36":"product_tag-regalos-corporativos-dia-del-padre-peru","37":"product_tag-regalos-corporativos-dia-del-trabajador-peru","38":"product_tag-regalos-corporativos-halloween-peru","39":"product_tag-regalos-corporativos-home-office-peru","40":"product_tag-regalos-corporativos-incentivos-peru","41":"product_tag-regalos-corporativos-navidad-peru","42":"product_tag-regalos-corporativos-peru","43":"product_tag-regalos-dia-la-maestra-peru","44":"product_tag-regalos-ecologicos","45":"product_tag-regalos-ecologicos-baratos-peru","46":"product_tag-regalos-ecologicos-corporativos-peru","47":"product_tag-regalos-ecologicos-lima","48":"product_tag-regalos-ecologicos-peru","49":"product_tag-regalos-sostenibles-peru","50":"product_tag-shiwi-peru","52":"first","53":"instock","54":"shipping-taxable","55":"product-type-simple"},"jetpack_sharing_enabled":true,"_links":{"self":[{"href":"https:\/\/regalosecologicosperu.com\/index.php\/wp-json\/wp\/v2\/product\/316","targetHints":{"allow":["GET"]}}],"collection":[{"href":"https:\/\/regalosecologicosperu.com\/index.php\/wp-json\/wp\/v2\/product"}],"about":[{"href":"https:\/\/regalosecologicosperu.com\/index.php\/wp-json\/wp\/v2\/types\/product"}],"wp:featuredmedia":[{"embeddable":true,"href":"https:\/\/regalosecologicosperu.com\/index.php\/wp-json\/wp\/v2\/media\/1104"}],"wp:attachment":[{"href":"https:\/\/regalosecologicosperu.com\/index.php\/wp-json\/wp\/v2\/media?parent=316"}],"wp:term":[{"taxonomy":"product_brand","embeddable":true,"href":"https:\/\/regalosecologicosperu.com\/index.php\/wp-json\/wp\/v2\/product_brand?post=316"},{"taxonomy":"product_cat","embeddable":true,"href":"https:\/\/regalosecologicosperu.com\/index.php\/wp-json\/wp\/v2\/product_cat?post=316"},{"taxonomy":"product_tag","embeddable":true,"href":"https:\/\/regalosecologicosperu.com\/index.php\/wp-json\/wp\/v2\/product_tag?post=316"}],"curies":[{"name":"wp","href":"https:\/\/api.w.org\/{rel}","templated":true}]}}