{"id":879,"date":"2021-02-11T21:11:15","date_gmt":"2021-02-12T02:11:15","guid":{"rendered":"https:\/\/regalosecologicosperu.com\/?post_type=product&#038;p=879"},"modified":"2022-05-23T08:15:59","modified_gmt":"2022-05-23T13:15:59","slug":"mini-suculenta-memories","status":"publish","type":"product","link":"https:\/\/regalosecologicosperu.com\/index.php\/producto\/mini-suculenta-memories\/","title":{"rendered":"Mini Suculenta Memories"},"content":{"rendered":"<p>Regalar vida es un gran mensaje, lleno de felicidad y esperanza. Nuestras suculentas y cactus son criados por nosotros mismos, se adaptan f\u00e1cilmente a vivir en cualquier espacio donde tenga luz y no necesitan mucha agua. Son ideales para tenerlas en casa u oficina. \u00bfTe animas a sorprender regal\u00e1ndolas como detalle para tus invitados? Adem\u00e1s de dar un toque alegre y decorativo te recordar\u00e1n con cari\u00f1o al ver crecer la planta. \u00a1Porque hay fechas especiales que merecen ser recordadas!<\/p>\n<p>La presentaci\u00f3n, adem\u00e1s de elegante y natural, es ecol\u00f3gica: La planta se entrega en macetas biodegradables y vienen dentro de una hermosa caja de cart\u00f3n kraft reciclado con papel de seda.<\/p>\n<p>El respeto por el planeta, la calidad y el dise\u00f1o son la base de nuestros productos desde hace 10 a\u00f1os, por eso las plantas y los componentes de su presentaci\u00f3n han sido cuidadosamente seleccionados con mimo y detalle lo preparamos todo en nuestro taller, \u00a0as\u00ed lo recibir\u00e1s listo para entregar y despertar sonrisas.<\/p>\n","protected":false},"excerpt":{"rendered":"<p>Mini Suculentas y Cactus en una hermosa maceta terracota, envuelta en yute org\u00e1nico. Decorado con una clip de madera y una tag personalizada.<\/p>\n<p>Puedes agregar un cajoncito de madera con costo adicional.<\/p>\n<p>&nbsp;<\/p>\n","protected":false},"featured_media":882,"template":"","meta":{"_et_pb_use_builder":"","_et_pb_old_content":"","_et_gb_content_width":"","_joinchat":[]},"product_brand":[],"product_cat":[245],"product_tag":[247,276,116,117,119,120,121,122,248,249,274,250,130,131,251,252,253,254,132,45,46,133,255,256,257,258,259,260,261,262,263,264,77,135,265,266,267,268,269,270,271,137,138,278,139,277,275,140,141,272,273],"class_list":{"0":"post-879","1":"product","2":"type-product","3":"status-publish","4":"has-post-thumbnail","6":"product_cat-suculentas-peru","7":"product_tag-box-de-regalos-corporativos-cajas-de-regalo-corporativos","8":"product_tag-box-de-suculentas","9":"product_tag-kokedamas","10":"product_tag-kokedamas-peru","11":"product_tag-lima","12":"product_tag-macetas-biodegradables","13":"product_tag-macetas-de-arcilla","14":"product_tag-macetas-de-cemento","15":"product_tag-macetas-decorativas-peru","16":"product_tag-merchandising-ecologico-peru","17":"product_tag-mini-suculentas","18":"product_tag-plantas-regalar-plantas","19":"product_tag-regalar-vida","20":"product_tag-regalos-corporativos","21":"product_tag-regalos-corporativos-premium","22":"product_tag-regalos-de-aniversario-para-mi-novio","23":"product_tag-regalos-de-cumpleanos","24":"product_tag-regalos-de-navidad","25":"product_tag-regalos-ecologicos","26":"product_tag-regalos-ecologicos-peru","27":"product_tag-regalos-ecologicos-premium","28":"product_tag-regalos-empresariales","29":"product_tag-regalos-empresariales-premium","30":"product_tag-regalos-flores","31":"product_tag-regalos-para-cumpleanos","32":"product_tag-regalos-para-el-dia-del-padre","33":"product_tag-regalos-para-hombres","34":"product_tag-regalos-para-mama","35":"product_tag-regalos-para-mi-novio","36":"product_tag-regalos-para-mujeres","37":"product_tag-regalos-para-navidad","38":"product_tag-regalos-para-papa","39":"product_tag-regalos-personalizados","40":"product_tag-regalos-premium","41":"product_tag-regalos-premium-a-domicilio","42":"product_tag-regalos-premium-corporativos","43":"product_tag-regalos-premium-para-empresas","44":"product_tag-regalos-premium-para-hombres","45":"product_tag-regalos-premium-para-mujeres","46":"product_tag-regalos-premium-peru","47":"product_tag-regalos-promocionales","48":"product_tag-regalos-vivos-peru","49":"product_tag-suculentas","50":"product_tag-suculentas-en-peru","51":"product_tag-suculentas-peru","52":"product_tag-suculentas-por-mayor-peru","53":"product_tag-suculentas-regalos","54":"product_tag-suculentasperu","55":"product_tag-vivero-lima-peru","56":"product_tag-vivos-regalos-vivos","57":"product_tag-wilson","59":"first","60":"instock","61":"shipping-taxable","62":"product-type-simple"},"jetpack_sharing_enabled":true,"_links":{"self":[{"href":"https:\/\/regalosecologicosperu.com\/index.php\/wp-json\/wp\/v2\/product\/879","targetHints":{"allow":["GET"]}}],"collection":[{"href":"https:\/\/regalosecologicosperu.com\/index.php\/wp-json\/wp\/v2\/product"}],"about":[{"href":"https:\/\/regalosecologicosperu.com\/index.php\/wp-json\/wp\/v2\/types\/product"}],"wp:featuredmedia":[{"embeddable":true,"href":"https:\/\/regalosecologicosperu.com\/index.php\/wp-json\/wp\/v2\/media\/882"}],"wp:attachment":[{"href":"https:\/\/regalosecologicosperu.com\/index.php\/wp-json\/wp\/v2\/media?parent=879"}],"wp:term":[{"taxonomy":"product_brand","embeddable":true,"href":"https:\/\/regalosecologicosperu.com\/index.php\/wp-json\/wp\/v2\/product_brand?post=879"},{"taxonomy":"product_cat","embeddable":true,"href":"https:\/\/regalosecologicosperu.com\/index.php\/wp-json\/wp\/v2\/product_cat?post=879"},{"taxonomy":"product_tag","embeddable":true,"href":"https:\/\/regalosecologicosperu.com\/index.php\/wp-json\/wp\/v2\/product_tag?post=879"}],"curies":[{"name":"wp","href":"https:\/\/api.w.org\/{rel}","templated":true}]}}